{"version":"1.0","provider_name":"III. B\u00e9la Gimn\u00e1zium, M\u0171v\u00e9szeti Szakgimn\u00e1zium \u00e9s Alapfok\u00fa M\u0171v\u00e9szeti Iskola","provider_url":"https:\/\/3belazirc.hu\/wp","author_name":"Radics P\u00e9ter","author_url":"https:\/\/3belazirc.hu\/wp\/author\/admin\/","title":"Adom\u00e1ny gy\u0171jt\u00e9s Zirc testv\u00e9rv\u00e1ros\u00e1nak, Dercennek (Ukrajna) - III. B\u00e9la Gimn\u00e1zium, M\u0171v\u00e9szeti Szakgimn\u00e1zium \u00e9s Alapfok\u00fa M\u0171v\u00e9szeti Iskola","type":"rich","width":600,"height":338,"html":"<blockquote class=\"wp-embedded-content\" data-secret=\"tzelqm264z\"><a href=\"https:\/\/3belazirc.hu\/wp\/adomany-gyujtes-zirc-testvervarosanak-dercennek-ukrajna\/\">Adom\u00e1ny gy\u0171jt\u00e9s Zirc testv\u00e9rv\u00e1ros\u00e1nak, Dercennek (Ukrajna)<\/a><\/blockquote><iframe sandbox=\"allow-scripts\" security=\"restricted\" src=\"https:\/\/3belazirc.hu\/wp\/adomany-gyujtes-zirc-testvervarosanak-dercennek-ukrajna\/embed\/#?secret=tzelqm264z\" width=\"600\" height=\"338\" title=\"&#8220;Adom\u00e1ny gy\u0171jt\u00e9s Zirc testv\u00e9rv\u00e1ros\u00e1nak, Dercennek (Ukrajna)&#8221; &#8212; III. B\u00e9la Gimn\u00e1zium, M\u0171v\u00e9szeti Szakgimn\u00e1zium \u00e9s Alapfok\u00fa M\u0171v\u00e9szeti Iskola\" data-secret=\"tzelqm264z\" frameborder=\"0\" marginwidth=\"0\" marginheight=\"0\" scrolling=\"no\" class=\"wp-embedded-content\"><\/iframe><script type=\"text\/javascript\">\n\/* <![CDATA[ *\/\n\/*! This file is auto-generated *\/\n!function(d,l){\"use strict\";l.querySelector&&d.addEventListener&&\"undefined\"!=typeof URL&&(d.wp=d.wp||{},d.wp.receiveEmbedMessage||(d.wp.receiveEmbedMessage=function(e){var t=e.data;if((t||t.secret||t.message||t.value)&&!\/[^a-zA-Z0-9]\/.test(t.secret)){for(var s,r,n,a=l.querySelectorAll('iframe[data-secret=\"'+t.secret+'\"]'),o=l.querySelectorAll('blockquote[data-secret=\"'+t.secret+'\"]'),c=new RegExp(\"^https?:$\",\"i\"),i=0;i<o.length;i++)o[i].style.display=\"none\";for(i=0;i<a.length;i++)s=a[i],e.source===s.contentWindow&&(s.removeAttribute(\"style\"),\"height\"===t.message?(1e3<(r=parseInt(t.value,10))?r=1e3:~~r<200&&(r=200),s.height=r):\"link\"===t.message&&(r=new URL(s.getAttribute(\"src\")),n=new URL(t.value),c.test(n.protocol))&&n.host===r.host&&l.activeElement===s&&(d.top.location.href=t.value))}},d.addEventListener(\"message\",d.wp.receiveEmbedMessage,!1),l.addEventListener(\"DOMContentLoaded\",function(){for(var e,t,s=l.querySelectorAll(\"iframe.wp-embedded-content\"),r=0;r<s.length;r++)(t=(e=s[r]).getAttribute(\"data-secret\"))||(t=Math.random().toString(36).substring(2,12),e.src+=\"#?secret=\"+t,e.setAttribute(\"data-secret\",t)),e.contentWindow.postMessage({message:\"ready\",secret:t},\"*\")},!1)))}(window,document);\n\/\/# sourceURL=https:\/\/3belazirc.hu\/wp\/wp-includes\/js\/wp-embed.min.js\n\/* ]]> *\/\n<\/script>\n","thumbnail_url":"https:\/\/3belazirc.hu\/wp\/wp-content\/uploads\/2022\/03\/humanitarian-aid-ukraine-because-war-with-russia-donations-products-box-with-ukrainian-flag-scaled.jpg","thumbnail_width":2560,"thumbnail_height":1707,"description":"Tisztelt Sz\u00fcl\u0151k, gyerekek! Zirc testv\u00e9rv\u00e1rosa Dercen (Ukrajna) r\u00e9sz\u00e9re seg\u00e9lysz\u00e1ll\u00edtm\u00e1nyt szervez a v\u00e1ros. Ehhez szeretn\u00e9nk kapcsol\u00f3dni. A k\u00e9r\u00e9s, hogy tart\u00f3s \u00e9lelmiszerekkel seg\u00edts\u00fck az ottani magyar lakoss\u00e1got. Ezek: liszt, cukor, olaj, t\u00e9szta stb. amib\u0151l \u00e9telt lehet k\u00e9sz\u00edteni. (Nem konzerv) Amennyiben seg\u00edts\u00e9get szeretn\u00e9nek ny\u00fajtani a gyerekeken kereszt\u00fcl is megtehetik. Az iskola tudja t\u00e1rolni a felaj\u00e1nl\u00e1sokat mindaddig, am\u00edg elsz\u00e1ll\u00edt\u00e1sra..."}

III. Béla Gimnázium, Művészeti Szakgimnázium és Alapfokú Művészeti Iskola

Radics Péter

Adomány gyűjtés Zirc testvérvárosának, Dercennek (Ukrajna) - III. Béla Gimnázium, Művészeti Szakgimnázium és Alapfokú Művészeti Iskola

<blockquote class="wp-embedded-content" data-secret="tzelqm264z"><a href="https://3belazirc.hu/wp/adomany-gyujtes-zirc-testvervarosanak-dercennek-ukrajna/">Adomány gyűjtés Zirc testvérvárosának, Dercennek (Ukrajna)</a></blockquote><iframe sandbox="allow-scripts" security="restricted" src="https://3belazirc.hu/wp/adomany-gyujtes-zirc-testvervarosanak-dercennek-ukrajna/embed/#?secret=tzelqm264z" width="600" height="338" title="&#8220;Adomány gyűjtés Zirc testvérvárosának, Dercennek (Ukrajna)&#8221; &#8212; III. Béla Gimnázium, Művészeti Szakgimnázium és Alapfokú Művészeti Iskola" data-secret="tzelqm264z" frameborder="0" marginwidth="0" marginheight="0" scrolling="no" class="wp-embedded-content"></iframe><script type="text/javascript">
/* <![CDATA[ */
/*! This file is auto-generated */
!function(d,l){"use strict";l.querySelector&&d.addEventListener&&"undefined"!=typeof URL&&(d.wp=d.wp||{},d.wp.receiveEmbedMessage||(d.wp.receiveEmbedMessage=function(e){var t=e.data;if((t||t.secret||t.message||t.value)&&!/[^a-zA-Z0-9]/.test(t.secret)){for(var s,r,n,a=l.querySelectorAll('iframe[data-secret="'+t.secret+'"]'),o=l.querySelectorAll('blockquote[data-secret="'+t.secret+'"]'),c=new RegExp("^https?:$","i"),i=0;i<o.length;i++)o[i].style.display="none";for(i=0;i<a.length;i++)s=a[i],e.source===s.contentWindow&&(s.removeAttribute("style"),"height"===t.message?(1e3<(r=parseInt(t.value,10))?r=1e3:~~r<200&&(r=200),s.height=r):"link"===t.message&&(r=new URL(s.getAttribute("src")),n=new URL(t.value),c.test(n.protocol))&&n.host===r.host&&l.activeElement===s&&(d.top.location.href=t.value))}},d.addEventListener("message",d.wp.receiveEmbedMessage,!1),l.addEventListener("DOMContentLoaded",function(){for(var e,t,s=l.querySelectorAll("iframe.wp-embedded-content"),r=0;r<s.length;r++)(t=(e=s[r]).getAttribute("data-secret"))||(t=Math.random().toString(36).substring(2,12),e.src+="#?secret="+t,e.setAttribute("data-secret",t)),e.contentWindow.postMessage({message:"ready",secret:t},"*")},!1)))}(window,document);
//# sourceURL=https://3belazirc.hu/wp/wp-includes/js/wp-embed.min.js
/* ]]> */
</script>

Tisztelt Szülők, gyerekek! Zirc testvérvárosa Dercen (Ukrajna) részére segélyszállítmányt szervez a város. Ehhez szeretnénk kapcsolódni. A kérés, hogy tartós élelmiszerekkel segítsük az ottani magyar lakosságot. Ezek: liszt, cukor, olaj, tészta stb. amiből ételt lehet készíteni. (Nem konzerv) Amennyiben segítséget szeretnének nyújtani a gyerekeken keresztül is megtehetik. Az iskola tudja tárolni a felajánlásokat mindaddig, amíg elszállításra...
