{"version":"1.0","provider_name":"III. B\u00e9la Gimn\u00e1zium, M\u0171v\u00e9szeti Szakgimn\u00e1zium \u00e9s Alapfok\u00fa M\u0171v\u00e9szeti Iskola","provider_url":"https:\/\/3belazirc.hu\/wp","author_name":"Radics P\u00e9ter","author_url":"https:\/\/3belazirc.hu\/wp\/author\/admin\/","title":"\u00c9rt\u00e9kes aj\u00e1nd\u00e9kkal k\u00f6sz\u00f6nt\u00f6tt\u00e9k a sz\u00fclet\u00e9snapos v\u00e1rost - III. B\u00e9la Gimn\u00e1zium, M\u0171v\u00e9szeti Szakgimn\u00e1zium \u00e9s Alapfok\u00fa M\u0171v\u00e9szeti Iskola","type":"rich","width":600,"height":338,"html":"<blockquote class=\"wp-embedded-content\" data-secret=\"LQiWtZi8JD\"><a href=\"https:\/\/3belazirc.hu\/wp\/ertekes-ajandekkal-koszontottek-a-szuletesnapos-varost\/\">\u00c9rt\u00e9kes aj\u00e1nd\u00e9kkal k\u00f6sz\u00f6nt\u00f6tt\u00e9k a sz\u00fclet\u00e9snapos v\u00e1rost<\/a><\/blockquote><iframe sandbox=\"allow-scripts\" security=\"restricted\" src=\"https:\/\/3belazirc.hu\/wp\/ertekes-ajandekkal-koszontottek-a-szuletesnapos-varost\/embed\/#?secret=LQiWtZi8JD\" width=\"600\" height=\"338\" title=\"&#8220;\u00c9rt\u00e9kes aj\u00e1nd\u00e9kkal k\u00f6sz\u00f6nt\u00f6tt\u00e9k a sz\u00fclet\u00e9snapos v\u00e1rost&#8221; &#8212; III. B\u00e9la Gimn\u00e1zium, M\u0171v\u00e9szeti Szakgimn\u00e1zium \u00e9s Alapfok\u00fa M\u0171v\u00e9szeti Iskola\" data-secret=\"LQiWtZi8JD\" frameborder=\"0\" marginwidth=\"0\" marginheight=\"0\" scrolling=\"no\" class=\"wp-embedded-content\"><\/iframe><script type=\"text\/javascript\">\n\/* <![CDATA[ *\/\n\/*! This file is auto-generated *\/\n!function(d,l){\"use strict\";l.querySelector&&d.addEventListener&&\"undefined\"!=typeof URL&&(d.wp=d.wp||{},d.wp.receiveEmbedMessage||(d.wp.receiveEmbedMessage=function(e){var t=e.data;if((t||t.secret||t.message||t.value)&&!\/[^a-zA-Z0-9]\/.test(t.secret)){for(var s,r,n,a=l.querySelectorAll('iframe[data-secret=\"'+t.secret+'\"]'),o=l.querySelectorAll('blockquote[data-secret=\"'+t.secret+'\"]'),c=new RegExp(\"^https?:$\",\"i\"),i=0;i<o.length;i++)o[i].style.display=\"none\";for(i=0;i<a.length;i++)s=a[i],e.source===s.contentWindow&&(s.removeAttribute(\"style\"),\"height\"===t.message?(1e3<(r=parseInt(t.value,10))?r=1e3:~~r<200&&(r=200),s.height=r):\"link\"===t.message&&(r=new URL(s.getAttribute(\"src\")),n=new URL(t.value),c.test(n.protocol))&&n.host===r.host&&l.activeElement===s&&(d.top.location.href=t.value))}},d.addEventListener(\"message\",d.wp.receiveEmbedMessage,!1),l.addEventListener(\"DOMContentLoaded\",function(){for(var e,t,s=l.querySelectorAll(\"iframe.wp-embedded-content\"),r=0;r<s.length;r++)(t=(e=s[r]).getAttribute(\"data-secret\"))||(t=Math.random().toString(36).substring(2,12),e.src+=\"#?secret=\"+t,e.setAttribute(\"data-secret\",t)),e.contentWindow.postMessage({message:\"ready\",secret:t},\"*\")},!1)))}(window,document);\n\/\/# sourceURL=https:\/\/3belazirc.hu\/wp\/wp-includes\/js\/wp-embed.min.js\n\/* ]]> *\/\n<\/script>\n","thumbnail_url":"https:\/\/3belazirc.hu\/wp\/wp-content\/uploads\/2024\/10\/IMG_5267.jpeg","thumbnail_width":940,"thumbnail_height":627,"description":"Id\u0151kapszul\u00e1val \u00fczentek az ut\u00f3kornak, eg\u00e9sz napos, sz\u00ednes programkavalk\u00e1ddal \u00e9lt\u00e9k meg a jelent, fotogr\u00e1fi\u00e1kkal eleven\u00edtik meg a m\u00faltat \u2013 sz\u00fclinapi zs\u00farba torkollott a \u201eZirc Kult\u00far\u00e1j\u00e1\u00e9rt\u201d Alap\u00edtv\u00e1ny f\u0151szervez\u00e9s\u00e9ben, sz\u00e9les k\u00f6r\u0171 partneri egy\u00fcttm\u0171k\u00f6d\u00e9ssel megval\u00f3sult Bakonyi Mustra rendezv\u00e9nye. Tov\u00e1bb a teljes cikkre Forr\u00e1s: Zirc.hu Fot\u00f3k: Litter Be\u00e1ta, Dr. T\u00f3th Istv\u00e1n \u00e9s a szerz\u0151"}

III. Béla Gimnázium, Művészeti Szakgimnázium és Alapfokú Művészeti Iskola

Radics Péter

Értékes ajándékkal köszöntötték a születésnapos várost - III. Béla Gimnázium, Művészeti Szakgimnázium és Alapfokú Művészeti Iskola

<blockquote class="wp-embedded-content" data-secret="LQiWtZi8JD"><a href="https://3belazirc.hu/wp/ertekes-ajandekkal-koszontottek-a-szuletesnapos-varost/">Értékes ajándékkal köszöntötték a születésnapos várost</a></blockquote><iframe sandbox="allow-scripts" security="restricted" src="https://3belazirc.hu/wp/ertekes-ajandekkal-koszontottek-a-szuletesnapos-varost/embed/#?secret=LQiWtZi8JD" width="600" height="338" title="&#8220;Értékes ajándékkal köszöntötték a születésnapos várost&#8221; &#8212; III. Béla Gimnázium, Művészeti Szakgimnázium és Alapfokú Művészeti Iskola" data-secret="LQiWtZi8JD" frameborder="0" marginwidth="0" marginheight="0" scrolling="no" class="wp-embedded-content"></iframe><script type="text/javascript">
/* <![CDATA[ */
/*! This file is auto-generated */
!function(d,l){"use strict";l.querySelector&&d.addEventListener&&"undefined"!=typeof URL&&(d.wp=d.wp||{},d.wp.receiveEmbedMessage||(d.wp.receiveEmbedMessage=function(e){var t=e.data;if((t||t.secret||t.message||t.value)&&!/[^a-zA-Z0-9]/.test(t.secret)){for(var s,r,n,a=l.querySelectorAll('iframe[data-secret="'+t.secret+'"]'),o=l.querySelectorAll('blockquote[data-secret="'+t.secret+'"]'),c=new RegExp("^https?:$","i"),i=0;i<o.length;i++)o[i].style.display="none";for(i=0;i<a.length;i++)s=a[i],e.source===s.contentWindow&&(s.removeAttribute("style"),"height"===t.message?(1e3<(r=parseInt(t.value,10))?r=1e3:~~r<200&&(r=200),s.height=r):"link"===t.message&&(r=new URL(s.getAttribute("src")),n=new URL(t.value),c.test(n.protocol))&&n.host===r.host&&l.activeElement===s&&(d.top.location.href=t.value))}},d.addEventListener("message",d.wp.receiveEmbedMessage,!1),l.addEventListener("DOMContentLoaded",function(){for(var e,t,s=l.querySelectorAll("iframe.wp-embedded-content"),r=0;r<s.length;r++)(t=(e=s[r]).getAttribute("data-secret"))||(t=Math.random().toString(36).substring(2,12),e.src+="#?secret="+t,e.setAttribute("data-secret",t)),e.contentWindow.postMessage({message:"ready",secret:t},"*")},!1)))}(window,document);
//# sourceURL=https://3belazirc.hu/wp/wp-includes/js/wp-embed.min.js
/* ]]> */
</script>

Időkapszulával üzentek az utókornak, egész napos, színes programkavalkáddal élték meg a jelent, fotográfiákkal elevenítik meg a múltat – szülinapi zsúrba torkollott a „Zirc Kultúrájáért” Alapítvány főszervezésében, széles körű partneri együttműködéssel megvalósult Bakonyi Mustra rendezvénye. Tovább a teljes cikkre Forrás: Zirc.hu Fotók: Litter Beáta, Dr. Tóth István és a szerző
