{"version":"1.0","provider_name":"III. B\u00e9la Gimn\u00e1zium, M\u0171v\u00e9szeti Szakgimn\u00e1zium \u00e9s Alapfok\u00fa M\u0171v\u00e9szeti Iskola","provider_url":"https:\/\/3belazirc.hu\/wp","author_name":"Radics P\u00e9ter","author_url":"https:\/\/3belazirc.hu\/wp\/author\/admin\/","title":"IGAZGY\u00d6NGY\u00d6K EGY K\u00c9PZELETBELI SZ\u00c1LON","type":"rich","width":600,"height":338,"html":"<blockquote class=\"wp-embedded-content\" data-secret=\"cDZL0Wql9L\"><a href=\"https:\/\/3belazirc.hu\/wp\/igazgyongyok-egy-kepzeletbeli-szalon\/\">IGAZGY\u00d6NGY\u00d6K EGY K\u00c9PZELETBELI SZ\u00c1LON<\/a><\/blockquote><iframe sandbox=\"allow-scripts\" security=\"restricted\" src=\"https:\/\/3belazirc.hu\/wp\/igazgyongyok-egy-kepzeletbeli-szalon\/embed\/#?secret=cDZL0Wql9L\" width=\"600\" height=\"338\" title=\"&#8220;IGAZGY\u00d6NGY\u00d6K EGY K\u00c9PZELETBELI SZ\u00c1LON&#8221; &#8212; III. B\u00e9la Gimn\u00e1zium, M\u0171v\u00e9szeti Szakgimn\u00e1zium \u00e9s Alapfok\u00fa M\u0171v\u00e9szeti Iskola\" data-secret=\"cDZL0Wql9L\" frameborder=\"0\" marginwidth=\"0\" marginheight=\"0\" scrolling=\"no\" class=\"wp-embedded-content\"><\/iframe><script type=\"text\/javascript\">\n\/* <![CDATA[ *\/\n\/*! This file is auto-generated *\/\n!function(d,l){\"use strict\";l.querySelector&&d.addEventListener&&\"undefined\"!=typeof URL&&(d.wp=d.wp||{},d.wp.receiveEmbedMessage||(d.wp.receiveEmbedMessage=function(e){var t=e.data;if((t||t.secret||t.message||t.value)&&!\/[^a-zA-Z0-9]\/.test(t.secret)){for(var s,r,n,a=l.querySelectorAll('iframe[data-secret=\"'+t.secret+'\"]'),o=l.querySelectorAll('blockquote[data-secret=\"'+t.secret+'\"]'),c=new RegExp(\"^https?:$\",\"i\"),i=0;i<o.length;i++)o[i].style.display=\"none\";for(i=0;i<a.length;i++)s=a[i],e.source===s.contentWindow&&(s.removeAttribute(\"style\"),\"height\"===t.message?(1e3<(r=parseInt(t.value,10))?r=1e3:~~r<200&&(r=200),s.height=r):\"link\"===t.message&&(r=new URL(s.getAttribute(\"src\")),n=new URL(t.value),c.test(n.protocol))&&n.host===r.host&&l.activeElement===s&&(d.top.location.href=t.value))}},d.addEventListener(\"message\",d.wp.receiveEmbedMessage,!1),l.addEventListener(\"DOMContentLoaded\",function(){for(var e,t,s=l.querySelectorAll(\"iframe.wp-embedded-content\"),r=0;r<s.length;r++)(t=(e=s[r]).getAttribute(\"data-secret\"))||(t=Math.random().toString(36).substring(2,12),e.src+=\"#?secret=\"+t,e.setAttribute(\"data-secret\",t)),e.contentWindow.postMessage({message:\"ready\",secret:t},\"*\")},!1)))}(window,document);\n\/\/# sourceURL=https:\/\/3belazirc.hu\/wp\/wp-includes\/js\/wp-embed.min.js\n\/* ]]> *\/\n<\/script>\n","thumbnail_url":"https:\/\/3belazirc.hu\/wp\/wp-content\/uploads\/2019\/11\/DSCN7657.jpeg","thumbnail_width":940,"thumbnail_height":475,"description":"V\u00e1rosunk volt az indul\u00f3\u00e1llom\u00e1sa a Megyefut\u00e1s m\u00e1sodik napj\u00e1nak. Mindh\u00e1rom zirci iskola csatlakozott a mozg\u00e1st n\u00e9pszer\u0171s\u00edt\u0151 sportesem\u00e9nyhez. A Veszpr\u00e9m Megyei \u00d6nkorm\u00e1nyzat \u00e9s a Veszpr\u00e9m Megyei Sportsz\u00f6vets\u00e9g k\u00f6z\u00f6s szervez\u00e9s\u00e9ben megval\u00f3sul\u00f3 esem\u00e9ny keret\u00e9ben v\u00e1ltott fut\u00f3kkal ell\u00e1togatottak megy\u00e9nk nagyobb telep\u00fcl\u00e9seire, \u00e9s k\u00f6rbehordozt\u00e1k a megyez\u00e1szl\u00f3t."}

III. Béla Gimnázium, Művészeti Szakgimnázium és Alapfokú Művészeti Iskola

Radics Péter

IGAZGYÖNGYÖK EGY KÉPZELETBELI SZÁLON

<blockquote class="wp-embedded-content" data-secret="cDZL0Wql9L"><a href="https://3belazirc.hu/wp/igazgyongyok-egy-kepzeletbeli-szalon/">IGAZGYÖNGYÖK EGY KÉPZELETBELI SZÁLON</a></blockquote><iframe sandbox="allow-scripts" security="restricted" src="https://3belazirc.hu/wp/igazgyongyok-egy-kepzeletbeli-szalon/embed/#?secret=cDZL0Wql9L" width="600" height="338" title="&#8220;IGAZGYÖNGYÖK EGY KÉPZELETBELI SZÁLON&#8221; &#8212; III. Béla Gimnázium, Művészeti Szakgimnázium és Alapfokú Művészeti Iskola" data-secret="cDZL0Wql9L" frameborder="0" marginwidth="0" marginheight="0" scrolling="no" class="wp-embedded-content"></iframe><script type="text/javascript">
/* <![CDATA[ */
/*! This file is auto-generated */
!function(d,l){"use strict";l.querySelector&&d.addEventListener&&"undefined"!=typeof URL&&(d.wp=d.wp||{},d.wp.receiveEmbedMessage||(d.wp.receiveEmbedMessage=function(e){var t=e.data;if((t||t.secret||t.message||t.value)&&!/[^a-zA-Z0-9]/.test(t.secret)){for(var s,r,n,a=l.querySelectorAll('iframe[data-secret="'+t.secret+'"]'),o=l.querySelectorAll('blockquote[data-secret="'+t.secret+'"]'),c=new RegExp("^https?:$","i"),i=0;i<o.length;i++)o[i].style.display="none";for(i=0;i<a.length;i++)s=a[i],e.source===s.contentWindow&&(s.removeAttribute("style"),"height"===t.message?(1e3<(r=parseInt(t.value,10))?r=1e3:~~r<200&&(r=200),s.height=r):"link"===t.message&&(r=new URL(s.getAttribute("src")),n=new URL(t.value),c.test(n.protocol))&&n.host===r.host&&l.activeElement===s&&(d.top.location.href=t.value))}},d.addEventListener("message",d.wp.receiveEmbedMessage,!1),l.addEventListener("DOMContentLoaded",function(){for(var e,t,s=l.querySelectorAll("iframe.wp-embedded-content"),r=0;r<s.length;r++)(t=(e=s[r]).getAttribute("data-secret"))||(t=Math.random().toString(36).substring(2,12),e.src+="#?secret="+t,e.setAttribute("data-secret",t)),e.contentWindow.postMessage({message:"ready",secret:t},"*")},!1)))}(window,document);
//# sourceURL=https://3belazirc.hu/wp/wp-includes/js/wp-embed.min.js
/* ]]> */
</script>

Városunk volt az indulóállomása a Megyefutás második napjának. Mindhárom zirci iskola csatlakozott a mozgást népszerűsítő sporteseményhez. A Veszprém Megyei Önkormányzat és a Veszprém Megyei Sportszövetség közös szervezésében megvalósuló esemény keretében váltott futókkal ellátogatottak megyénk nagyobb településeire, és körbehordozták a megyezászlót.
