{"version":"1.0","provider_name":"III. B\u00e9la Gimn\u00e1zium, M\u0171v\u00e9szeti Szakgimn\u00e1zium \u00e9s Alapfok\u00fa M\u0171v\u00e9szeti Iskola","provider_url":"https:\/\/3belazirc.hu\/wp","author_name":"Radics P\u00e9ter","author_url":"https:\/\/3belazirc.hu\/wp\/author\/admin\/","title":"Magyar kult\u00fara napja - koncert - III. B\u00e9la Gimn\u00e1zium, M\u0171v\u00e9szeti Szakgimn\u00e1zium \u00e9s Alapfok\u00fa M\u0171v\u00e9szeti Iskola","type":"rich","width":600,"height":338,"html":"<blockquote class=\"wp-embedded-content\" data-secret=\"kW1ytJhzxV\"><a href=\"https:\/\/3belazirc.hu\/wp\/magyar-kultura-napja-koncert\/\">Magyar kult\u00fara napja &#8211; koncert<\/a><\/blockquote><iframe sandbox=\"allow-scripts\" security=\"restricted\" src=\"https:\/\/3belazirc.hu\/wp\/magyar-kultura-napja-koncert\/embed\/#?secret=kW1ytJhzxV\" width=\"600\" height=\"338\" title=\"&#8220;Magyar kult\u00fara napja &#8211; koncert&#8221; &#8212; III. B\u00e9la Gimn\u00e1zium, M\u0171v\u00e9szeti Szakgimn\u00e1zium \u00e9s Alapfok\u00fa M\u0171v\u00e9szeti Iskola\" data-secret=\"kW1ytJhzxV\" frameborder=\"0\" marginwidth=\"0\" marginheight=\"0\" scrolling=\"no\" class=\"wp-embedded-content\"><\/iframe><script type=\"text\/javascript\">\n\/* <![CDATA[ *\/\n\/*! This file is auto-generated *\/\n!function(d,l){\"use strict\";l.querySelector&&d.addEventListener&&\"undefined\"!=typeof URL&&(d.wp=d.wp||{},d.wp.receiveEmbedMessage||(d.wp.receiveEmbedMessage=function(e){var t=e.data;if((t||t.secret||t.message||t.value)&&!\/[^a-zA-Z0-9]\/.test(t.secret)){for(var s,r,n,a=l.querySelectorAll('iframe[data-secret=\"'+t.secret+'\"]'),o=l.querySelectorAll('blockquote[data-secret=\"'+t.secret+'\"]'),c=new RegExp(\"^https?:$\",\"i\"),i=0;i<o.length;i++)o[i].style.display=\"none\";for(i=0;i<a.length;i++)s=a[i],e.source===s.contentWindow&&(s.removeAttribute(\"style\"),\"height\"===t.message?(1e3<(r=parseInt(t.value,10))?r=1e3:~~r<200&&(r=200),s.height=r):\"link\"===t.message&&(r=new URL(s.getAttribute(\"src\")),n=new URL(t.value),c.test(n.protocol))&&n.host===r.host&&l.activeElement===s&&(d.top.location.href=t.value))}},d.addEventListener(\"message\",d.wp.receiveEmbedMessage,!1),l.addEventListener(\"DOMContentLoaded\",function(){for(var e,t,s=l.querySelectorAll(\"iframe.wp-embedded-content\"),r=0;r<s.length;r++)(t=(e=s[r]).getAttribute(\"data-secret\"))||(t=Math.random().toString(36).substring(2,12),e.src+=\"#?secret=\"+t,e.setAttribute(\"data-secret\",t)),e.contentWindow.postMessage({message:\"ready\",secret:t},\"*\")},!1)))}(window,document);\n\/\/# sourceURL=https:\/\/3belazirc.hu\/wp\/wp-includes\/js\/wp-embed.min.js\n\/* ]]> *\/\n<\/script>\n","thumbnail_url":"https:\/\/3belazirc.hu\/wp\/wp-content\/uploads\/2025\/01\/183a1ad2-3a79-4b33-8ce9-3e5d8d09bd84.jpg","thumbnail_width":2048,"thumbnail_height":915,"description":"2025.01.27-\u00e9n p\u00e9nteken este a Magyar Kult\u00fara Napja alkalm\u00e1b\u00f3l a B\u00e9kefi Antal V\u00e1rosi K\u00f6nyvt\u00e1r, M\u0171vel\u0151d\u00e9si H\u00e1z \u00e9s St\u00fadi\u00f3 KB szervez\u00e9s\u00e9nek k\u00f6sz\u00f6nhet\u0151en koncertl\u00e1togat\u00e1son vehett\u00fcnk r\u00e9szt. Szirtes Edina, Erkel Ferenc-d\u00edjas heged\u0171m\u0171v\u00e9szn\u0151 \u00e9s zen\u00e9szt\u00e1rsai l\u00e1togattak el Zircre \u00e9s egy fantasztikus, \u00e9rzelmekkel d\u00fas\u00edtott koncerttel aj\u00e1nd\u00e9kozt\u00e1k meg a zirci k\u00f6z\u00f6ns\u00e9get, bele\u00e9rtve az \u00e9rdekl\u0151d\u0151 &#8222;heged\u0171s pal\u00e1nt\u00e1kat&#8221; is. A koncert v\u00e9g\u00e9n a gyerekek..."}

III. Béla Gimnázium, Művészeti Szakgimnázium és Alapfokú Művészeti Iskola

Radics Péter

Magyar kultúra napja - koncert - III. Béla Gimnázium, Művészeti Szakgimnázium és Alapfokú Művészeti Iskola

<blockquote class="wp-embedded-content" data-secret="kW1ytJhzxV"><a href="https://3belazirc.hu/wp/magyar-kultura-napja-koncert/">Magyar kultúra napja &#8211; koncert</a></blockquote><iframe sandbox="allow-scripts" security="restricted" src="https://3belazirc.hu/wp/magyar-kultura-napja-koncert/embed/#?secret=kW1ytJhzxV" width="600" height="338" title="&#8220;Magyar kultúra napja &#8211; koncert&#8221; &#8212; III. Béla Gimnázium, Művészeti Szakgimnázium és Alapfokú Művészeti Iskola" data-secret="kW1ytJhzxV" frameborder="0" marginwidth="0" marginheight="0" scrolling="no" class="wp-embedded-content"></iframe><script type="text/javascript">
/* <![CDATA[ */
/*! This file is auto-generated */
!function(d,l){"use strict";l.querySelector&&d.addEventListener&&"undefined"!=typeof URL&&(d.wp=d.wp||{},d.wp.receiveEmbedMessage||(d.wp.receiveEmbedMessage=function(e){var t=e.data;if((t||t.secret||t.message||t.value)&&!/[^a-zA-Z0-9]/.test(t.secret)){for(var s,r,n,a=l.querySelectorAll('iframe[data-secret="'+t.secret+'"]'),o=l.querySelectorAll('blockquote[data-secret="'+t.secret+'"]'),c=new RegExp("^https?:$","i"),i=0;i<o.length;i++)o[i].style.display="none";for(i=0;i<a.length;i++)s=a[i],e.source===s.contentWindow&&(s.removeAttribute("style"),"height"===t.message?(1e3<(r=parseInt(t.value,10))?r=1e3:~~r<200&&(r=200),s.height=r):"link"===t.message&&(r=new URL(s.getAttribute("src")),n=new URL(t.value),c.test(n.protocol))&&n.host===r.host&&l.activeElement===s&&(d.top.location.href=t.value))}},d.addEventListener("message",d.wp.receiveEmbedMessage,!1),l.addEventListener("DOMContentLoaded",function(){for(var e,t,s=l.querySelectorAll("iframe.wp-embedded-content"),r=0;r<s.length;r++)(t=(e=s[r]).getAttribute("data-secret"))||(t=Math.random().toString(36).substring(2,12),e.src+="#?secret="+t,e.setAttribute("data-secret",t)),e.contentWindow.postMessage({message:"ready",secret:t},"*")},!1)))}(window,document);
//# sourceURL=https://3belazirc.hu/wp/wp-includes/js/wp-embed.min.js
/* ]]> */
</script>

2025.01.27-én pénteken este a Magyar Kultúra Napja alkalmából a Békefi Antal Városi Könyvtár, Művelődési Ház és Stúdió KB szervezésének köszönhetően koncertlátogatáson vehettünk részt. Szirtes Edina, Erkel Ferenc-díjas hegedűművésznő és zenésztársai látogattak el Zircre és egy fantasztikus, érzelmekkel dúsított koncerttel ajándékozták meg a zirci közönséget, beleértve az érdeklődő &#8222;hegedűs palántákat&#8221; is. A koncert végén a gyerekek...
