{"version":"1.0","provider_name":"III. B\u00e9la Gimn\u00e1zium, M\u0171v\u00e9szeti Szakgimn\u00e1zium \u00e9s Alapfok\u00fa M\u0171v\u00e9szeti Iskola","provider_url":"https:\/\/3belazirc.hu\/wp","author_name":"Radics P\u00e9ter","author_url":"https:\/\/3belazirc.hu\/wp\/author\/admin\/","title":"Merj \u00fajra\u00e9leszteni! - III. B\u00e9la Gimn\u00e1zium, M\u0171v\u00e9szeti Szakgimn\u00e1zium \u00e9s Alapfok\u00fa M\u0171v\u00e9szeti Iskola","type":"rich","width":600,"height":338,"html":"<blockquote class=\"wp-embedded-content\" data-secret=\"7Vfo2LP88j\"><a href=\"https:\/\/3belazirc.hu\/wp\/merj-ujraeleszteni\/\">Merj \u00fajra\u00e9leszteni!<\/a><\/blockquote><iframe sandbox=\"allow-scripts\" security=\"restricted\" src=\"https:\/\/3belazirc.hu\/wp\/merj-ujraeleszteni\/embed\/#?secret=7Vfo2LP88j\" width=\"600\" height=\"338\" title=\"&#8220;Merj \u00fajra\u00e9leszteni!&#8221; &#8212; III. B\u00e9la Gimn\u00e1zium, M\u0171v\u00e9szeti Szakgimn\u00e1zium \u00e9s Alapfok\u00fa M\u0171v\u00e9szeti Iskola\" data-secret=\"7Vfo2LP88j\" frameborder=\"0\" marginwidth=\"0\" marginheight=\"0\" scrolling=\"no\" class=\"wp-embedded-content\"><\/iframe><script type=\"text\/javascript\">\n\/* <![CDATA[ *\/\n\/*! This file is auto-generated *\/\n!function(d,l){\"use strict\";l.querySelector&&d.addEventListener&&\"undefined\"!=typeof URL&&(d.wp=d.wp||{},d.wp.receiveEmbedMessage||(d.wp.receiveEmbedMessage=function(e){var t=e.data;if((t||t.secret||t.message||t.value)&&!\/[^a-zA-Z0-9]\/.test(t.secret)){for(var s,r,n,a=l.querySelectorAll('iframe[data-secret=\"'+t.secret+'\"]'),o=l.querySelectorAll('blockquote[data-secret=\"'+t.secret+'\"]'),c=new RegExp(\"^https?:$\",\"i\"),i=0;i<o.length;i++)o[i].style.display=\"none\";for(i=0;i<a.length;i++)s=a[i],e.source===s.contentWindow&&(s.removeAttribute(\"style\"),\"height\"===t.message?(1e3<(r=parseInt(t.value,10))?r=1e3:~~r<200&&(r=200),s.height=r):\"link\"===t.message&&(r=new URL(s.getAttribute(\"src\")),n=new URL(t.value),c.test(n.protocol))&&n.host===r.host&&l.activeElement===s&&(d.top.location.href=t.value))}},d.addEventListener(\"message\",d.wp.receiveEmbedMessage,!1),l.addEventListener(\"DOMContentLoaded\",function(){for(var e,t,s=l.querySelectorAll(\"iframe.wp-embedded-content\"),r=0;r<s.length;r++)(t=(e=s[r]).getAttribute(\"data-secret\"))||(t=Math.random().toString(36).substring(2,12),e.src+=\"#?secret=\"+t,e.setAttribute(\"data-secret\",t)),e.contentWindow.postMessage({message:\"ready\",secret:t},\"*\")},!1)))}(window,document);\n\/\/# sourceURL=https:\/\/3belazirc.hu\/wp\/wp-includes\/js\/wp-embed.min.js\n\/* ]]> *\/\n<\/script>\n","thumbnail_url":"https:\/\/3belazirc.hu\/wp\/wp-content\/uploads\/2018\/10\/image_3.jpg","thumbnail_width":1024,"thumbnail_height":768,"description":"Di\u00e1kjaink is r\u00e9szt vettek okt\u00f3ber 16-\u00e1n az \u00dajra\u00e9leszt\u00e9s Nemzetk\u00f6zi Napja alkalm\u00e1b\u00f3l rendezett bemutat\u00f3n, amelyet T\u00f6r\u00f6k Gerg\u0151 (ment\u0151\u00e1pol\u00f3), egykori tanul\u00f3nk, V\u00f6r\u00f6smarty Nikolett (ment\u0151tiszt) \u00e9s V\u00f6r\u00f6smarty J\u00e1nos (ment\u0151technikus) tartott. A helyi ment\u0151\u00e1llom\u00e1sra szervezt\u00e9k eredetileg a programot, de a k\u00e9t zirci k\u00f6z\u00e9piskol\u00e1ba szem\u00e9lyesen vitt\u00e9k el a gyakorlatias \u00e9letment\u0151 k\u00e9pz\u00e9st, hogy min\u00e9l t\u00f6bb ember vehessen r\u00e9szt rajta. Szakemberek szerint..."}

III. Béla Gimnázium, Művészeti Szakgimnázium és Alapfokú Művészeti Iskola

Radics Péter

Merj újraéleszteni! - III. Béla Gimnázium, Művészeti Szakgimnázium és Alapfokú Művészeti Iskola

<blockquote class="wp-embedded-content" data-secret="7Vfo2LP88j"><a href="https://3belazirc.hu/wp/merj-ujraeleszteni/">Merj újraéleszteni!</a></blockquote><iframe sandbox="allow-scripts" security="restricted" src="https://3belazirc.hu/wp/merj-ujraeleszteni/embed/#?secret=7Vfo2LP88j" width="600" height="338" title="&#8220;Merj újraéleszteni!&#8221; &#8212; III. Béla Gimnázium, Művészeti Szakgimnázium és Alapfokú Művészeti Iskola" data-secret="7Vfo2LP88j" frameborder="0" marginwidth="0" marginheight="0" scrolling="no" class="wp-embedded-content"></iframe><script type="text/javascript">
/* <![CDATA[ */
/*! This file is auto-generated */
!function(d,l){"use strict";l.querySelector&&d.addEventListener&&"undefined"!=typeof URL&&(d.wp=d.wp||{},d.wp.receiveEmbedMessage||(d.wp.receiveEmbedMessage=function(e){var t=e.data;if((t||t.secret||t.message||t.value)&&!/[^a-zA-Z0-9]/.test(t.secret)){for(var s,r,n,a=l.querySelectorAll('iframe[data-secret="'+t.secret+'"]'),o=l.querySelectorAll('blockquote[data-secret="'+t.secret+'"]'),c=new RegExp("^https?:$","i"),i=0;i<o.length;i++)o[i].style.display="none";for(i=0;i<a.length;i++)s=a[i],e.source===s.contentWindow&&(s.removeAttribute("style"),"height"===t.message?(1e3<(r=parseInt(t.value,10))?r=1e3:~~r<200&&(r=200),s.height=r):"link"===t.message&&(r=new URL(s.getAttribute("src")),n=new URL(t.value),c.test(n.protocol))&&n.host===r.host&&l.activeElement===s&&(d.top.location.href=t.value))}},d.addEventListener("message",d.wp.receiveEmbedMessage,!1),l.addEventListener("DOMContentLoaded",function(){for(var e,t,s=l.querySelectorAll("iframe.wp-embedded-content"),r=0;r<s.length;r++)(t=(e=s[r]).getAttribute("data-secret"))||(t=Math.random().toString(36).substring(2,12),e.src+="#?secret="+t,e.setAttribute("data-secret",t)),e.contentWindow.postMessage({message:"ready",secret:t},"*")},!1)))}(window,document);
//# sourceURL=https://3belazirc.hu/wp/wp-includes/js/wp-embed.min.js
/* ]]> */
</script>

Diákjaink is részt vettek október 16-án az Újraélesztés Nemzetközi Napja alkalmából rendezett bemutatón, amelyet Török Gergő (mentőápoló), egykori tanulónk, Vörösmarty Nikolett (mentőtiszt) és Vörösmarty János (mentőtechnikus) tartott. A helyi mentőállomásra szervezték eredetileg a programot, de a két zirci középiskolába személyesen vitték el a gyakorlatias életmentő képzést, hogy minél több ember vehessen részt rajta. Szakemberek szerint...
