{"version":"1.0","provider_name":"III. B\u00e9la Gimn\u00e1zium, M\u0171v\u00e9szeti Szakgimn\u00e1zium \u00e9s Alapfok\u00fa M\u0171v\u00e9szeti Iskola","provider_url":"https:\/\/3belazirc.hu\/wp","author_name":"Radics P\u00e9ter","author_url":"https:\/\/3belazirc.hu\/wp\/author\/admin\/","title":"Nyertes tanul\u00f3nk a rend\u0151rs\u00e9g \u00e1llatv\u00e9delmi fot\u00f3p\u00e1ly\u00e1zat\u00e1n - III. B\u00e9la Gimn\u00e1zium, M\u0171v\u00e9szeti Szakgimn\u00e1zium \u00e9s Alapfok\u00fa M\u0171v\u00e9szeti Iskola","type":"rich","width":600,"height":338,"html":"<blockquote class=\"wp-embedded-content\" data-secret=\"CJtTsSP0Bn\"><a href=\"https:\/\/3belazirc.hu\/wp\/nyertes-tanulonk-a-rendorseg-allatvedelmi-fotopalyazatan\/\">Nyertes tanul\u00f3nk a rend\u0151rs\u00e9g \u00e1llatv\u00e9delmi fot\u00f3p\u00e1ly\u00e1zat\u00e1n<\/a><\/blockquote><iframe sandbox=\"allow-scripts\" security=\"restricted\" src=\"https:\/\/3belazirc.hu\/wp\/nyertes-tanulonk-a-rendorseg-allatvedelmi-fotopalyazatan\/embed\/#?secret=CJtTsSP0Bn\" width=\"600\" height=\"338\" title=\"&#8220;Nyertes tanul\u00f3nk a rend\u0151rs\u00e9g \u00e1llatv\u00e9delmi fot\u00f3p\u00e1ly\u00e1zat\u00e1n&#8221; &#8212; III. B\u00e9la Gimn\u00e1zium, M\u0171v\u00e9szeti Szakgimn\u00e1zium \u00e9s Alapfok\u00fa M\u0171v\u00e9szeti Iskola\" data-secret=\"CJtTsSP0Bn\" frameborder=\"0\" marginwidth=\"0\" marginheight=\"0\" scrolling=\"no\" class=\"wp-embedded-content\"><\/iframe><script type=\"text\/javascript\">\n\/* <![CDATA[ *\/\n\/*! This file is auto-generated *\/\n!function(d,l){\"use strict\";l.querySelector&&d.addEventListener&&\"undefined\"!=typeof URL&&(d.wp=d.wp||{},d.wp.receiveEmbedMessage||(d.wp.receiveEmbedMessage=function(e){var t=e.data;if((t||t.secret||t.message||t.value)&&!\/[^a-zA-Z0-9]\/.test(t.secret)){for(var s,r,n,a=l.querySelectorAll('iframe[data-secret=\"'+t.secret+'\"]'),o=l.querySelectorAll('blockquote[data-secret=\"'+t.secret+'\"]'),c=new RegExp(\"^https?:$\",\"i\"),i=0;i<o.length;i++)o[i].style.display=\"none\";for(i=0;i<a.length;i++)s=a[i],e.source===s.contentWindow&&(s.removeAttribute(\"style\"),\"height\"===t.message?(1e3<(r=parseInt(t.value,10))?r=1e3:~~r<200&&(r=200),s.height=r):\"link\"===t.message&&(r=new URL(s.getAttribute(\"src\")),n=new URL(t.value),c.test(n.protocol))&&n.host===r.host&&l.activeElement===s&&(d.top.location.href=t.value))}},d.addEventListener(\"message\",d.wp.receiveEmbedMessage,!1),l.addEventListener(\"DOMContentLoaded\",function(){for(var e,t,s=l.querySelectorAll(\"iframe.wp-embedded-content\"),r=0;r<s.length;r++)(t=(e=s[r]).getAttribute(\"data-secret\"))||(t=Math.random().toString(36).substring(2,12),e.src+=\"#?secret=\"+t,e.setAttribute(\"data-secret\",t)),e.contentWindow.postMessage({message:\"ready\",secret:t},\"*\")},!1)))}(window,document);\n\/\/# sourceURL=https:\/\/3belazirc.hu\/wp\/wp-includes\/js\/wp-embed.min.js\n\/* ]]> *\/\n<\/script>\n","thumbnail_url":"https:\/\/3belazirc.hu\/wp\/wp-content\/uploads\/2022\/12\/221215_balogh-peter.jpg","thumbnail_width":898,"thumbnail_height":1201,"description":"Az \u00e1llatok vil\u00e1gnapj\u00e1hoz k\u00f6t\u0151d\u0151en a Veszpr\u00e9mi Rend\u0151rkapit\u00e1nys\u00e1g fot\u00f3p\u00e1ly\u00e1zatot hirdetett.\u00a0 A p\u00e1lyam\u0171veken a kuty\u00e1k gazd\u00e1j\u00e1nak felel\u0151s \u00e1llattart\u00e1s ir\u00e1nti elk\u00f6telez\u0151d\u00e9se jelent meg. Balogh P\u00e9ter 11.A oszt\u00e1lyos tanul\u00f3nk Tofy kutyus\u00e1r\u00f3l k\u00e9sz\u00fclt k\u00e9peivel a p\u00e1ly\u00e1zat nyertese lett.\u00a0 Iskolarend\u0151r\u00fcnk, Ors\u00f3s K\u00e1roly adta \u00e1t P\u00e9ternek az aj\u00e1nd\u00e9kokat. (Tam\u00e1si I)"}

III. Béla Gimnázium, Művészeti Szakgimnázium és Alapfokú Művészeti Iskola

Radics Péter

Nyertes tanulónk a rendőrség állatvédelmi fotópályázatán - III. Béla Gimnázium, Művészeti Szakgimnázium és Alapfokú Művészeti Iskola

<blockquote class="wp-embedded-content" data-secret="CJtTsSP0Bn"><a href="https://3belazirc.hu/wp/nyertes-tanulonk-a-rendorseg-allatvedelmi-fotopalyazatan/">Nyertes tanulónk a rendőrség állatvédelmi fotópályázatán</a></blockquote><iframe sandbox="allow-scripts" security="restricted" src="https://3belazirc.hu/wp/nyertes-tanulonk-a-rendorseg-allatvedelmi-fotopalyazatan/embed/#?secret=CJtTsSP0Bn" width="600" height="338" title="&#8220;Nyertes tanulónk a rendőrség állatvédelmi fotópályázatán&#8221; &#8212; III. Béla Gimnázium, Művészeti Szakgimnázium és Alapfokú Művészeti Iskola" data-secret="CJtTsSP0Bn" frameborder="0" marginwidth="0" marginheight="0" scrolling="no" class="wp-embedded-content"></iframe><script type="text/javascript">
/* <![CDATA[ */
/*! This file is auto-generated */
!function(d,l){"use strict";l.querySelector&&d.addEventListener&&"undefined"!=typeof URL&&(d.wp=d.wp||{},d.wp.receiveEmbedMessage||(d.wp.receiveEmbedMessage=function(e){var t=e.data;if((t||t.secret||t.message||t.value)&&!/[^a-zA-Z0-9]/.test(t.secret)){for(var s,r,n,a=l.querySelectorAll('iframe[data-secret="'+t.secret+'"]'),o=l.querySelectorAll('blockquote[data-secret="'+t.secret+'"]'),c=new RegExp("^https?:$","i"),i=0;i<o.length;i++)o[i].style.display="none";for(i=0;i<a.length;i++)s=a[i],e.source===s.contentWindow&&(s.removeAttribute("style"),"height"===t.message?(1e3<(r=parseInt(t.value,10))?r=1e3:~~r<200&&(r=200),s.height=r):"link"===t.message&&(r=new URL(s.getAttribute("src")),n=new URL(t.value),c.test(n.protocol))&&n.host===r.host&&l.activeElement===s&&(d.top.location.href=t.value))}},d.addEventListener("message",d.wp.receiveEmbedMessage,!1),l.addEventListener("DOMContentLoaded",function(){for(var e,t,s=l.querySelectorAll("iframe.wp-embedded-content"),r=0;r<s.length;r++)(t=(e=s[r]).getAttribute("data-secret"))||(t=Math.random().toString(36).substring(2,12),e.src+="#?secret="+t,e.setAttribute("data-secret",t)),e.contentWindow.postMessage({message:"ready",secret:t},"*")},!1)))}(window,document);
//# sourceURL=https://3belazirc.hu/wp/wp-includes/js/wp-embed.min.js
/* ]]> */
</script>

Az állatok világnapjához kötődően a Veszprémi Rendőrkapitányság fotópályázatot hirdetett.  A pályaműveken a kutyák gazdájának felelős állattartás iránti elköteleződése jelent meg. Balogh Péter 11.A osztályos tanulónk Tofy kutyusáról készült képeivel a pályázat nyertese lett.  Iskolarendőrünk, Orsós Károly adta át Péternek az ajándékokat. (Tamási I)
