{"version":"1.0","provider_name":"III. B\u00e9la Gimn\u00e1zium, M\u0171v\u00e9szeti Szakgimn\u00e1zium \u00e9s Alapfok\u00fa M\u0171v\u00e9szeti Iskola","provider_url":"https:\/\/3belazirc.hu\/wp","author_name":"Radics P\u00e9ter","author_url":"https:\/\/3belazirc.hu\/wp\/author\/admin\/","title":"Szalagavat\u00f3 ut\u00e1n nyerte meg az Olimpiai Rem\u00e9nys\u00e9gek Verseny\u00e9t - III. B\u00e9la Gimn\u00e1zium, M\u0171v\u00e9szeti Szakgimn\u00e1zium \u00e9s Alapfok\u00fa M\u0171v\u00e9szeti Iskola","type":"rich","width":600,"height":338,"html":"<blockquote class=\"wp-embedded-content\" data-secret=\"ARIZIk0bUY\"><a href=\"https:\/\/3belazirc.hu\/wp\/szalagavato-utan-nyerte-meg-az-olimpiai-remenysegek-versenyet\/\">Szalagavat\u00f3 ut\u00e1n nyerte meg az Olimpiai Rem\u00e9nys\u00e9gek Verseny\u00e9t<\/a><\/blockquote><iframe sandbox=\"allow-scripts\" security=\"restricted\" src=\"https:\/\/3belazirc.hu\/wp\/szalagavato-utan-nyerte-meg-az-olimpiai-remenysegek-versenyet\/embed\/#?secret=ARIZIk0bUY\" width=\"600\" height=\"338\" title=\"&#8220;Szalagavat\u00f3 ut\u00e1n nyerte meg az Olimpiai Rem\u00e9nys\u00e9gek Verseny\u00e9t&#8221; &#8212; III. B\u00e9la Gimn\u00e1zium, M\u0171v\u00e9szeti Szakgimn\u00e1zium \u00e9s Alapfok\u00fa M\u0171v\u00e9szeti Iskola\" data-secret=\"ARIZIk0bUY\" frameborder=\"0\" marginwidth=\"0\" marginheight=\"0\" scrolling=\"no\" class=\"wp-embedded-content\"><\/iframe><script type=\"text\/javascript\">\n\/* <![CDATA[ *\/\n\/*! This file is auto-generated *\/\n!function(d,l){\"use strict\";l.querySelector&&d.addEventListener&&\"undefined\"!=typeof URL&&(d.wp=d.wp||{},d.wp.receiveEmbedMessage||(d.wp.receiveEmbedMessage=function(e){var t=e.data;if((t||t.secret||t.message||t.value)&&!\/[^a-zA-Z0-9]\/.test(t.secret)){for(var s,r,n,a=l.querySelectorAll('iframe[data-secret=\"'+t.secret+'\"]'),o=l.querySelectorAll('blockquote[data-secret=\"'+t.secret+'\"]'),c=new RegExp(\"^https?:$\",\"i\"),i=0;i<o.length;i++)o[i].style.display=\"none\";for(i=0;i<a.length;i++)s=a[i],e.source===s.contentWindow&&(s.removeAttribute(\"style\"),\"height\"===t.message?(1e3<(r=parseInt(t.value,10))?r=1e3:~~r<200&&(r=200),s.height=r):\"link\"===t.message&&(r=new URL(s.getAttribute(\"src\")),n=new URL(t.value),c.test(n.protocol))&&n.host===r.host&&l.activeElement===s&&(d.top.location.href=t.value))}},d.addEventListener(\"message\",d.wp.receiveEmbedMessage,!1),l.addEventListener(\"DOMContentLoaded\",function(){for(var e,t,s=l.querySelectorAll(\"iframe.wp-embedded-content\"),r=0;r<s.length;r++)(t=(e=s[r]).getAttribute(\"data-secret\"))||(t=Math.random().toString(36).substring(2,12),e.src+=\"#?secret=\"+t,e.setAttribute(\"data-secret\",t)),e.contentWindow.postMessage({message:\"ready\",secret:t},\"*\")},!1)))}(window,document);\n\/\/# sourceURL=https:\/\/3belazirc.hu\/wp\/wp-includes\/js\/wp-embed.min.js\n\/* ]]> *\/\n<\/script>\n","thumbnail_url":"https:\/\/3belazirc.hu\/wp\/wp-content\/uploads\/2025\/04\/10_m_legfegyveres_EB_Eszek.jpg","thumbnail_width":940,"thumbnail_height":627,"description":"Vintze Regina\u00a0zirci sportl\u00f6v\u0151, a kom\u00e1romi Er\u0151d\u00f6k V\u00e1rosa Sportl\u00f6v\u0151 Egyes\u00fclet v\u00e1logatott versenyz\u0151je \u00fajabb sikeres id\u0151szakot tudhat maga m\u00f6g\u00f6tt: r\u00e9szt vett k\u00e9t Eur\u00f3pa-bajnoks\u00e1gon, kvalifik\u00e1lta mag\u00e1t a perui vil\u00e1gbajnoks\u00e1gra, \u00e9s megnyerte Szlov\u00e1ki\u00e1ban az Olimpiai Rem\u00e9nys\u00e9gek Verseny\u00e9t. Tov\u00e1bb a teljes cikkre Forr\u00e1s: Zirc.hu Fot\u00f3: Vintze Regina, SKB"}

III. Béla Gimnázium, Művészeti Szakgimnázium és Alapfokú Művészeti Iskola

Radics Péter

Szalagavató után nyerte meg az Olimpiai Reménységek Versenyét - III. Béla Gimnázium, Művészeti Szakgimnázium és Alapfokú Művészeti Iskola

<blockquote class="wp-embedded-content" data-secret="ARIZIk0bUY"><a href="https://3belazirc.hu/wp/szalagavato-utan-nyerte-meg-az-olimpiai-remenysegek-versenyet/">Szalagavató után nyerte meg az Olimpiai Reménységek Versenyét</a></blockquote><iframe sandbox="allow-scripts" security="restricted" src="https://3belazirc.hu/wp/szalagavato-utan-nyerte-meg-az-olimpiai-remenysegek-versenyet/embed/#?secret=ARIZIk0bUY" width="600" height="338" title="&#8220;Szalagavató után nyerte meg az Olimpiai Reménységek Versenyét&#8221; &#8212; III. Béla Gimnázium, Művészeti Szakgimnázium és Alapfokú Művészeti Iskola" data-secret="ARIZIk0bUY" frameborder="0" marginwidth="0" marginheight="0" scrolling="no" class="wp-embedded-content"></iframe><script type="text/javascript">
/* <![CDATA[ */
/*! This file is auto-generated */
!function(d,l){"use strict";l.querySelector&&d.addEventListener&&"undefined"!=typeof URL&&(d.wp=d.wp||{},d.wp.receiveEmbedMessage||(d.wp.receiveEmbedMessage=function(e){var t=e.data;if((t||t.secret||t.message||t.value)&&!/[^a-zA-Z0-9]/.test(t.secret)){for(var s,r,n,a=l.querySelectorAll('iframe[data-secret="'+t.secret+'"]'),o=l.querySelectorAll('blockquote[data-secret="'+t.secret+'"]'),c=new RegExp("^https?:$","i"),i=0;i<o.length;i++)o[i].style.display="none";for(i=0;i<a.length;i++)s=a[i],e.source===s.contentWindow&&(s.removeAttribute("style"),"height"===t.message?(1e3<(r=parseInt(t.value,10))?r=1e3:~~r<200&&(r=200),s.height=r):"link"===t.message&&(r=new URL(s.getAttribute("src")),n=new URL(t.value),c.test(n.protocol))&&n.host===r.host&&l.activeElement===s&&(d.top.location.href=t.value))}},d.addEventListener("message",d.wp.receiveEmbedMessage,!1),l.addEventListener("DOMContentLoaded",function(){for(var e,t,s=l.querySelectorAll("iframe.wp-embedded-content"),r=0;r<s.length;r++)(t=(e=s[r]).getAttribute("data-secret"))||(t=Math.random().toString(36).substring(2,12),e.src+="#?secret="+t,e.setAttribute("data-secret",t)),e.contentWindow.postMessage({message:"ready",secret:t},"*")},!1)))}(window,document);
//# sourceURL=https://3belazirc.hu/wp/wp-includes/js/wp-embed.min.js
/* ]]> */
</script>

Vintze Regina zirci sportlövő, a komáromi Erődök Városa Sportlövő Egyesület válogatott versenyzője újabb sikeres időszakot tudhat maga mögött: részt vett két Európa-bajnokságon, kvalifikálta magát a perui világbajnokságra, és megnyerte Szlovákiában az Olimpiai Reménységek Versenyét. Tovább a teljes cikkre Forrás: Zirc.hu Fotó: Vintze Regina, SKB
