{"version":"1.0","provider_name":"III. B\u00e9la Gimn\u00e1zium, M\u0171v\u00e9szeti Szakgimn\u00e1zium \u00e9s Alapfok\u00fa M\u0171v\u00e9szeti Iskola","provider_url":"https:\/\/3belazirc.hu\/wp","author_name":"Radics P\u00e9ter","author_url":"https:\/\/3belazirc.hu\/wp\/author\/admin\/","title":"Szia, te h\u00e1ny l\u00e9p\u00e9st tett\u00e9l meg tegnap? - III. B\u00e9la Gimn\u00e1zium, M\u0171v\u00e9szeti Szakgimn\u00e1zium \u00e9s Alapfok\u00fa M\u0171v\u00e9szeti Iskola","type":"rich","width":600,"height":338,"html":"<blockquote class=\"wp-embedded-content\" data-secret=\"oSubHJpj9V\"><a href=\"https:\/\/3belazirc.hu\/wp\/szia-te-hany-lepest-tettel-meg-tegnap\/\">Szia, te h\u00e1ny l\u00e9p\u00e9st tett\u00e9l meg tegnap?<\/a><\/blockquote><iframe sandbox=\"allow-scripts\" security=\"restricted\" src=\"https:\/\/3belazirc.hu\/wp\/szia-te-hany-lepest-tettel-meg-tegnap\/embed\/#?secret=oSubHJpj9V\" width=\"600\" height=\"338\" title=\"&#8220;Szia, te h\u00e1ny l\u00e9p\u00e9st tett\u00e9l meg tegnap?&#8221; &#8212; III. B\u00e9la Gimn\u00e1zium, M\u0171v\u00e9szeti Szakgimn\u00e1zium \u00e9s Alapfok\u00fa M\u0171v\u00e9szeti Iskola\" data-secret=\"oSubHJpj9V\" frameborder=\"0\" marginwidth=\"0\" marginheight=\"0\" scrolling=\"no\" class=\"wp-embedded-content\"><\/iframe><script type=\"text\/javascript\">\n\/* <![CDATA[ *\/\n\/*! This file is auto-generated *\/\n!function(d,l){\"use strict\";l.querySelector&&d.addEventListener&&\"undefined\"!=typeof URL&&(d.wp=d.wp||{},d.wp.receiveEmbedMessage||(d.wp.receiveEmbedMessage=function(e){var t=e.data;if((t||t.secret||t.message||t.value)&&!\/[^a-zA-Z0-9]\/.test(t.secret)){for(var s,r,n,a=l.querySelectorAll('iframe[data-secret=\"'+t.secret+'\"]'),o=l.querySelectorAll('blockquote[data-secret=\"'+t.secret+'\"]'),c=new RegExp(\"^https?:$\",\"i\"),i=0;i<o.length;i++)o[i].style.display=\"none\";for(i=0;i<a.length;i++)s=a[i],e.source===s.contentWindow&&(s.removeAttribute(\"style\"),\"height\"===t.message?(1e3<(r=parseInt(t.value,10))?r=1e3:~~r<200&&(r=200),s.height=r):\"link\"===t.message&&(r=new URL(s.getAttribute(\"src\")),n=new URL(t.value),c.test(n.protocol))&&n.host===r.host&&l.activeElement===s&&(d.top.location.href=t.value))}},d.addEventListener(\"message\",d.wp.receiveEmbedMessage,!1),l.addEventListener(\"DOMContentLoaded\",function(){for(var e,t,s=l.querySelectorAll(\"iframe.wp-embedded-content\"),r=0;r<s.length;r++)(t=(e=s[r]).getAttribute(\"data-secret\"))||(t=Math.random().toString(36).substring(2,12),e.src+=\"#?secret=\"+t,e.setAttribute(\"data-secret\",t)),e.contentWindow.postMessage({message:\"ready\",secret:t},\"*\")},!1)))}(window,document);\n\/\/# sourceURL=https:\/\/3belazirc.hu\/wp\/wp-includes\/js\/wp-embed.min.js\n\/* ]]> *\/\n<\/script>\n","thumbnail_url":"https:\/\/3belazirc.hu\/wp\/wp-content\/uploads\/2023\/06\/IMG_9846.jpeg","thumbnail_width":940,"thumbnail_height":627,"description":"Mindh\u00e1rom zirci iskola csatlakozott az Akt\u00edv Magyarorsz\u00e1g \u00e1ltal meghirdetett \u201eMilli\u00f3 l\u00e9p\u00e9s az iskol\u00e1d\u00e9rt\u201d programhoz, melynek c\u00e9lja az volt, hogy a tanul\u00f3kat, pedag\u00f3gusokat, sz\u00fcl\u0151ket, \u00e9s mindenkit, aki sz\u00edvesen seg\u00edten\u00e9 r\u00e9gi iskol\u00e1j\u00e1t, mozg\u00e1sra \u00f6szt\u00f6n\u00f6zze. Zirc V\u00e1rosi \u00d6nkorm\u00e1nyzat 300 000 forintos sportszert\u00e1mogat\u00e1ssal honor\u00e1lta az oktat\u00e1si int\u00e9zm\u00e9nyek teljes\u00edtm\u00e9ny\u00e9t. Tov\u00e1bb a teljes cikkre Forr\u00e1s: Zirc.hu Fot\u00f3: Kelemen G\u00e1bor"}

III. Béla Gimnázium, Művészeti Szakgimnázium és Alapfokú Művészeti Iskola

Radics Péter

Szia, te hány lépést tettél meg tegnap? - III. Béla Gimnázium, Művészeti Szakgimnázium és Alapfokú Művészeti Iskola

<blockquote class="wp-embedded-content" data-secret="oSubHJpj9V"><a href="https://3belazirc.hu/wp/szia-te-hany-lepest-tettel-meg-tegnap/">Szia, te hány lépést tettél meg tegnap?</a></blockquote><iframe sandbox="allow-scripts" security="restricted" src="https://3belazirc.hu/wp/szia-te-hany-lepest-tettel-meg-tegnap/embed/#?secret=oSubHJpj9V" width="600" height="338" title="&#8220;Szia, te hány lépést tettél meg tegnap?&#8221; &#8212; III. Béla Gimnázium, Művészeti Szakgimnázium és Alapfokú Művészeti Iskola" data-secret="oSubHJpj9V" frameborder="0" marginwidth="0" marginheight="0" scrolling="no" class="wp-embedded-content"></iframe><script type="text/javascript">
/* <![CDATA[ */
/*! This file is auto-generated */
!function(d,l){"use strict";l.querySelector&&d.addEventListener&&"undefined"!=typeof URL&&(d.wp=d.wp||{},d.wp.receiveEmbedMessage||(d.wp.receiveEmbedMessage=function(e){var t=e.data;if((t||t.secret||t.message||t.value)&&!/[^a-zA-Z0-9]/.test(t.secret)){for(var s,r,n,a=l.querySelectorAll('iframe[data-secret="'+t.secret+'"]'),o=l.querySelectorAll('blockquote[data-secret="'+t.secret+'"]'),c=new RegExp("^https?:$","i"),i=0;i<o.length;i++)o[i].style.display="none";for(i=0;i<a.length;i++)s=a[i],e.source===s.contentWindow&&(s.removeAttribute("style"),"height"===t.message?(1e3<(r=parseInt(t.value,10))?r=1e3:~~r<200&&(r=200),s.height=r):"link"===t.message&&(r=new URL(s.getAttribute("src")),n=new URL(t.value),c.test(n.protocol))&&n.host===r.host&&l.activeElement===s&&(d.top.location.href=t.value))}},d.addEventListener("message",d.wp.receiveEmbedMessage,!1),l.addEventListener("DOMContentLoaded",function(){for(var e,t,s=l.querySelectorAll("iframe.wp-embedded-content"),r=0;r<s.length;r++)(t=(e=s[r]).getAttribute("data-secret"))||(t=Math.random().toString(36).substring(2,12),e.src+="#?secret="+t,e.setAttribute("data-secret",t)),e.contentWindow.postMessage({message:"ready",secret:t},"*")},!1)))}(window,document);
//# sourceURL=https://3belazirc.hu/wp/wp-includes/js/wp-embed.min.js
/* ]]> */
</script>

Mindhárom zirci iskola csatlakozott az Aktív Magyarország által meghirdetett „Millió lépés az iskoládért” programhoz, melynek célja az volt, hogy a tanulókat, pedagógusokat, szülőket, és mindenkit, aki szívesen segítené régi iskoláját, mozgásra ösztönözze. Zirc Városi Önkormányzat 300 000 forintos sportszertámogatással honorálta az oktatási intézmények teljesítményét. Tovább a teljes cikkre Forrás: Zirc.hu Fotó: Kelemen Gábor
