{"version":"1.0","provider_name":"III. B\u00e9la Gimn\u00e1zium, M\u0171v\u00e9szeti Szakgimn\u00e1zium \u00e9s Alapfok\u00fa M\u0171v\u00e9szeti Iskola","provider_url":"https:\/\/3belazirc.hu\/wp","author_name":"Radics P\u00e9ter","author_url":"https:\/\/3belazirc.hu\/wp\/author\/admin\/","title":"Zirci zongorista nemzetk\u00f6zi elismer\u00e9se - III. B\u00e9la Gimn\u00e1zium, M\u0171v\u00e9szeti Szakgimn\u00e1zium \u00e9s Alapfok\u00fa M\u0171v\u00e9szeti Iskola","type":"rich","width":600,"height":338,"html":"<blockquote class=\"wp-embedded-content\" data-secret=\"q0BYEkH4lo\"><a href=\"https:\/\/3belazirc.hu\/wp\/zirci-zongorista-nemzetkozi-elismerese\/\">Zirci zongorista nemzetk\u00f6zi elismer\u00e9se<\/a><\/blockquote><iframe sandbox=\"allow-scripts\" security=\"restricted\" src=\"https:\/\/3belazirc.hu\/wp\/zirci-zongorista-nemzetkozi-elismerese\/embed\/#?secret=q0BYEkH4lo\" width=\"600\" height=\"338\" title=\"&#8220;Zirci zongorista nemzetk\u00f6zi elismer\u00e9se&#8221; &#8212; III. B\u00e9la Gimn\u00e1zium, M\u0171v\u00e9szeti Szakgimn\u00e1zium \u00e9s Alapfok\u00fa M\u0171v\u00e9szeti Iskola\" data-secret=\"q0BYEkH4lo\" frameborder=\"0\" marginwidth=\"0\" marginheight=\"0\" scrolling=\"no\" class=\"wp-embedded-content\"><\/iframe><script type=\"text\/javascript\">\n\/* <![CDATA[ *\/\n\/*! This file is auto-generated *\/\n!function(d,l){\"use strict\";l.querySelector&&d.addEventListener&&\"undefined\"!=typeof URL&&(d.wp=d.wp||{},d.wp.receiveEmbedMessage||(d.wp.receiveEmbedMessage=function(e){var t=e.data;if((t||t.secret||t.message||t.value)&&!\/[^a-zA-Z0-9]\/.test(t.secret)){for(var s,r,n,a=l.querySelectorAll('iframe[data-secret=\"'+t.secret+'\"]'),o=l.querySelectorAll('blockquote[data-secret=\"'+t.secret+'\"]'),c=new RegExp(\"^https?:$\",\"i\"),i=0;i<o.length;i++)o[i].style.display=\"none\";for(i=0;i<a.length;i++)s=a[i],e.source===s.contentWindow&&(s.removeAttribute(\"style\"),\"height\"===t.message?(1e3<(r=parseInt(t.value,10))?r=1e3:~~r<200&&(r=200),s.height=r):\"link\"===t.message&&(r=new URL(s.getAttribute(\"src\")),n=new URL(t.value),c.test(n.protocol))&&n.host===r.host&&l.activeElement===s&&(d.top.location.href=t.value))}},d.addEventListener(\"message\",d.wp.receiveEmbedMessage,!1),l.addEventListener(\"DOMContentLoaded\",function(){for(var e,t,s=l.querySelectorAll(\"iframe.wp-embedded-content\"),r=0;r<s.length;r++)(t=(e=s[r]).getAttribute(\"data-secret\"))||(t=Math.random().toString(36).substring(2,12),e.src+=\"#?secret=\"+t,e.setAttribute(\"data-secret\",t)),e.contentWindow.postMessage({message:\"ready\",secret:t},\"*\")},!1)))}(window,document);\n\/\/# sourceURL=https:\/\/3belazirc.hu\/wp\/wp-includes\/js\/wp-embed.min.js\n\/* ]]> *\/\n<\/script>\n","thumbnail_url":"https:\/\/3belazirc.hu\/wp\/wp-content\/uploads\/2025\/11\/90204c25-2bdd-47ab-901c-349e0d21bbe2_crop2.jpg","thumbnail_width":831,"thumbnail_height":488,"description":"K\u00e9t nap k\u00e9t helysz\u00ednen 150 zongorista m\u00e9rte\u00a0\u00f6ssze tud\u00e1s\u00e1t a XII. Ferenczy Gy\u00f6rgy Nemzetk\u00f6zi Chopin Zongoraversenyen Budapesten. A t\u00edz orsz\u00e1gb\u00f3l \u00e9rkezett, j\u00f3l felk\u00e9sz\u00fclt, tehets\u00e9ges fiatalok produkci\u00f3i magas sz\u00ednvonal\u00fav\u00e1\u00a0tett\u00e9k az esem\u00e9nyt. Tan\u00edtv\u00e1nyom, Varga Levente 32 kort\u00e1rs\u00e1val versenyzett \u00e9s kedvenc szerz\u0151j\u00e9t\u0151l, Chopin-t\u0151l is j\u00e1tszott. A nemzetk\u00f6zi m\u0171v\u00e9szekb\u0151l \u00e1ll\u00f3 zs\u0171ri csak a legjobbak el\u0151ad\u00e1sait jutalmazta. B\u00fcszke vagyok Levent\u00e9re, aki..."}

III. Béla Gimnázium, Művészeti Szakgimnázium és Alapfokú Művészeti Iskola

Radics Péter

Zirci zongorista nemzetközi elismerése - III. Béla Gimnázium, Művészeti Szakgimnázium és Alapfokú Művészeti Iskola

<blockquote class="wp-embedded-content" data-secret="q0BYEkH4lo"><a href="https://3belazirc.hu/wp/zirci-zongorista-nemzetkozi-elismerese/">Zirci zongorista nemzetközi elismerése</a></blockquote><iframe sandbox="allow-scripts" security="restricted" src="https://3belazirc.hu/wp/zirci-zongorista-nemzetkozi-elismerese/embed/#?secret=q0BYEkH4lo" width="600" height="338" title="&#8220;Zirci zongorista nemzetközi elismerése&#8221; &#8212; III. Béla Gimnázium, Művészeti Szakgimnázium és Alapfokú Művészeti Iskola" data-secret="q0BYEkH4lo" frameborder="0" marginwidth="0" marginheight="0" scrolling="no" class="wp-embedded-content"></iframe><script type="text/javascript">
/* <![CDATA[ */
/*! This file is auto-generated */
!function(d,l){"use strict";l.querySelector&&d.addEventListener&&"undefined"!=typeof URL&&(d.wp=d.wp||{},d.wp.receiveEmbedMessage||(d.wp.receiveEmbedMessage=function(e){var t=e.data;if((t||t.secret||t.message||t.value)&&!/[^a-zA-Z0-9]/.test(t.secret)){for(var s,r,n,a=l.querySelectorAll('iframe[data-secret="'+t.secret+'"]'),o=l.querySelectorAll('blockquote[data-secret="'+t.secret+'"]'),c=new RegExp("^https?:$","i"),i=0;i<o.length;i++)o[i].style.display="none";for(i=0;i<a.length;i++)s=a[i],e.source===s.contentWindow&&(s.removeAttribute("style"),"height"===t.message?(1e3<(r=parseInt(t.value,10))?r=1e3:~~r<200&&(r=200),s.height=r):"link"===t.message&&(r=new URL(s.getAttribute("src")),n=new URL(t.value),c.test(n.protocol))&&n.host===r.host&&l.activeElement===s&&(d.top.location.href=t.value))}},d.addEventListener("message",d.wp.receiveEmbedMessage,!1),l.addEventListener("DOMContentLoaded",function(){for(var e,t,s=l.querySelectorAll("iframe.wp-embedded-content"),r=0;r<s.length;r++)(t=(e=s[r]).getAttribute("data-secret"))||(t=Math.random().toString(36).substring(2,12),e.src+="#?secret="+t,e.setAttribute("data-secret",t)),e.contentWindow.postMessage({message:"ready",secret:t},"*")},!1)))}(window,document);
//# sourceURL=https://3belazirc.hu/wp/wp-includes/js/wp-embed.min.js
/* ]]> */
</script>

Két nap két helyszínen 150 zongorista mérte össze tudását a XII. Ferenczy György Nemzetközi Chopin Zongoraversenyen Budapesten. A tíz országból érkezett, jól felkészült, tehetséges fiatalok produkciói magas színvonalúvá tették az eseményt. Tanítványom, Varga Levente 32 kortársával versenyzett és kedvenc szerzőjétől, Chopin-től is játszott. A nemzetközi művészekből álló zsűri csak a legjobbak előadásait jutalmazta. Büszke vagyok Leventére, aki...
